{"id":57767,"date":"2025-03-12T12:19:44","date_gmt":"2025-03-12T11:19:44","guid":{"rendered":"https:\/\/www.tc26-bijoux.com\/?post_type=product&#038;p=57767"},"modified":"2025-03-21T14:13:27","modified_gmt":"2025-03-21T13:13:27","slug":"puce-diamants-anne-flore","status":"publish","type":"product","link":"https:\/\/www.tc26-bijoux.com\/?product=puce-diamants-anne-flore","title":{"rendered":"Puce Diamants Anne-Flore"},"content":{"rendered":"<p>Les puces Anne-Flore en or 18 carats et diamants sont de magnifiques boucles d&rsquo;oreilles en or blanc. Elles sont serties de diamants d&rsquo;un poids total de 0,75 carats, avec une couleur G et une puret\u00e9 de VS, assurant une brillance \u00e9clatante. Avec leurs dimensions de 7,0 mm, ces puces sont de taille parfaite pour apporter une touche de sophistication et d&rsquo;\u00e9l\u00e9gance \u00e0 votre apparence. Les puces Anne-Flore sont un choix id\u00e9al pour compl\u00e9ter votre collection de bijoux et illuminer vos tenues.<\/p>\n","protected":false},"excerpt":{"rendered":"<p>Mati\u00e8re : Or 18 carat\u00a0<\/p>\n<p>Couleur m\u00e9tal : Blanc\u00a0<\/p>\n<p>Nature des Pierres : Diamants\u00a0<\/p>\n<p>Poid\u00a0 total des Diamants\u00a0\u00a0: 0.75\u00a0Carats<\/p>\n<p>Couleur des Diamants : G<\/p>\n<p>Puret\u00e9 des Diamants : VS<\/p>\n<p>Dimensions : 7.0\u00a0mm\u00a0<\/p>\n<p>R\u00e9f\u00e9rence : DNE0497<\/p>\n","protected":false},"featured_media":8621,"template":"","meta":{"_seopress_robots_primary_cat":"","_seopress_titles_title":"","_seopress_titles_desc":"","_seopress_robots_index":"","_seopress_analysis_target_kw":"","iawp_total_views":10},"product_brand":[],"product_cat":[81],"product_tag":[],"class_list":{"0":"post-57767","1":"product","2":"type-product","3":"status-publish","4":"has-post-thumbnail","6":"product_cat-puces-diamants","8":"first","9":"instock","10":"shipping-taxable","11":"purchasable","12":"product-type-variable"},"_links":{"self":[{"href":"https:\/\/www.tc26-bijoux.com\/index.php?rest_route=\/wp\/v2\/product\/57767","targetHints":{"allow":["GET"]}}],"collection":[{"href":"https:\/\/www.tc26-bijoux.com\/index.php?rest_route=\/wp\/v2\/product"}],"about":[{"href":"https:\/\/www.tc26-bijoux.com\/index.php?rest_route=\/wp\/v2\/types\/product"}],"wp:featuredmedia":[{"embeddable":true,"href":"https:\/\/www.tc26-bijoux.com\/index.php?rest_route=\/wp\/v2\/media\/8621"}],"wp:attachment":[{"href":"https:\/\/www.tc26-bijoux.com\/index.php?rest_route=%2Fwp%2Fv2%2Fmedia&parent=57767"}],"wp:term":[{"taxonomy":"product_brand","embeddable":true,"href":"https:\/\/www.tc26-bijoux.com\/index.php?rest_route=%2Fwp%2Fv2%2Fproduct_brand&post=57767"},{"taxonomy":"product_cat","embeddable":true,"href":"https:\/\/www.tc26-bijoux.com\/index.php?rest_route=%2Fwp%2Fv2%2Fproduct_cat&post=57767"},{"taxonomy":"product_tag","embeddable":true,"href":"https:\/\/www.tc26-bijoux.com\/index.php?rest_route=%2Fwp%2Fv2%2Fproduct_tag&post=57767"}],"curies":[{"name":"wp","href":"https:\/\/api.w.org\/{rel}","templated":true}]}}