{"id":57941,"date":"2025-03-12T12:20:44","date_gmt":"2025-03-12T11:20:44","guid":{"rendered":"https:\/\/www.tc26-bijoux.com\/?post_type=product&#038;p=57941"},"modified":"2025-03-21T14:13:36","modified_gmt":"2025-03-21T13:13:36","slug":"boucles-doreille-or-diamants-ileana-2","status":"publish","type":"product","link":"https:\/\/www.tc26-bijoux.com\/?product=boucles-doreille-or-diamants-ileana-2","title":{"rendered":"Boucles d&rsquo;oreille or Diamants Ileana"},"content":{"rendered":"<p>D\u00e9couvrez l&rsquo;\u00e9l\u00e9gance intemporelle des boucles d&rsquo;oreille Ileana. Fabriqu\u00e9es en or 18 carats, elles sont orn\u00e9es de diamants \u00e9tincelants d&rsquo;un poids total de 0.80 ou 1 carat. Avec leur couleur G et leur puret\u00e9 VS, ces diamants captent la lumi\u00e8re de mani\u00e8re remarquable. Les dimensions de 6.9 ou 7.7 mm offrent un \u00e9quilibre parfait entre discr\u00e9tion et pr\u00e9sence. Disponibles en finition blanc, ces boucles d&rsquo;oreille sont un choix luxueux et polyvalent. R\u00e9f\u00e9rences XYE0983 et XYE8115. Ajoutez une touche de glamour \u00e0 votre look avec les boucles d&rsquo;oreille Ileana en Or 18 Carats et Diamants.<\/p>\n","protected":false},"excerpt":{"rendered":"<p>D\u00e9couvrez l&rsquo;\u00e9l\u00e9gance intemporelle des boucles d&rsquo;oreille Ileana. Fabriqu\u00e9es en or 18 carats, elles sont orn\u00e9es de diamants \u00e9tincelants d&rsquo;un poids total de 0.80 ou 1 carat.<span class=\"excerpt-hellip\"> [\u2026]<\/span><\/p>\n","protected":false},"featured_media":549,"template":"","meta":{"_seopress_robots_primary_cat":"","_seopress_titles_title":"","_seopress_titles_desc":"","_seopress_robots_index":"","_seopress_analysis_target_kw":"","iawp_total_views":1},"product_brand":[],"product_cat":[81],"product_tag":[],"class_list":{"0":"post-57941","1":"product","2":"type-product","3":"status-publish","4":"has-post-thumbnail","6":"product_cat-puces-diamants","8":"first","9":"instock","10":"shipping-taxable","11":"purchasable","12":"product-type-variable"},"_links":{"self":[{"href":"https:\/\/www.tc26-bijoux.com\/index.php?rest_route=\/wp\/v2\/product\/57941","targetHints":{"allow":["GET"]}}],"collection":[{"href":"https:\/\/www.tc26-bijoux.com\/index.php?rest_route=\/wp\/v2\/product"}],"about":[{"href":"https:\/\/www.tc26-bijoux.com\/index.php?rest_route=\/wp\/v2\/types\/product"}],"wp:featuredmedia":[{"embeddable":true,"href":"https:\/\/www.tc26-bijoux.com\/index.php?rest_route=\/wp\/v2\/media\/549"}],"wp:attachment":[{"href":"https:\/\/www.tc26-bijoux.com\/index.php?rest_route=%2Fwp%2Fv2%2Fmedia&parent=57941"}],"wp:term":[{"taxonomy":"product_brand","embeddable":true,"href":"https:\/\/www.tc26-bijoux.com\/index.php?rest_route=%2Fwp%2Fv2%2Fproduct_brand&post=57941"},{"taxonomy":"product_cat","embeddable":true,"href":"https:\/\/www.tc26-bijoux.com\/index.php?rest_route=%2Fwp%2Fv2%2Fproduct_cat&post=57941"},{"taxonomy":"product_tag","embeddable":true,"href":"https:\/\/www.tc26-bijoux.com\/index.php?rest_route=%2Fwp%2Fv2%2Fproduct_tag&post=57941"}],"curies":[{"name":"wp","href":"https:\/\/api.w.org\/{rel}","templated":true}]}}