{"id":57949,"date":"2025-03-12T12:20:45","date_gmt":"2025-03-12T11:20:45","guid":{"rendered":"https:\/\/www.tc26-bijoux.com\/?post_type=product&#038;p=57949"},"modified":"2025-03-21T14:13:36","modified_gmt":"2025-03-21T13:13:36","slug":"boucles-doreille-or-diamants-nissana-2","status":"publish","type":"product","link":"https:\/\/www.tc26-bijoux.com\/?product=boucles-doreille-or-diamants-nissana-2","title":{"rendered":"Boucles d&rsquo;oreille Or Diamants Nissana"},"content":{"rendered":"<p>D\u00e9couvrez l&rsquo;\u00e9l\u00e9gance et la sophistication des boucles d&rsquo;oreille Nissana. Con\u00e7ues en Or 18 Carats, ces bijoux sublimes sont orn\u00e9s de magnifiques diamants d&rsquo;une puret\u00e9 exceptionnelle. Avec un poids total de 0.50 carats, ces diamants GVS scintillent avec \u00e9clat, apportant une touche de luxe \u00e0 votre style. Les boucles d&rsquo;oreille Nissana sont disponibles en trois couleurs : Blanc, Rose et Jaune, vous permettant de choisir celle qui correspond le mieux \u00e0 votre personnalit\u00e9 et \u00e0 votre tenue. Avec leurs dimensions de 7 mm, ces boucles d&rsquo;oreille sont d\u00e9licates et discr\u00e8tes, mais suffisamment \u00e9tincelantes pour attirer tous les regards.<\/p>\n","protected":false},"excerpt":{"rendered":"<p>D\u00e9couvrez l&rsquo;\u00e9l\u00e9gance et la sophistication des boucles d&rsquo;oreille Nissana. Con\u00e7ues en Or 18 Carats, ces bijoux sublimes sont orn\u00e9s de magnifiques diamants d&rsquo;une puret\u00e9 exceptionnelle. Avec<span class=\"excerpt-hellip\"> [\u2026]<\/span><\/p>\n","protected":false},"featured_media":2110,"template":"","meta":{"_seopress_robots_primary_cat":"","_seopress_titles_title":"","_seopress_titles_desc":"","_seopress_robots_index":"","_seopress_analysis_target_kw":"","iawp_total_views":6},"product_brand":[],"product_cat":[81],"product_tag":[],"class_list":{"0":"post-57949","1":"product","2":"type-product","3":"status-publish","4":"has-post-thumbnail","6":"product_cat-puces-diamants","8":"first","9":"instock","10":"shipping-taxable","11":"purchasable","12":"product-type-variable"},"_links":{"self":[{"href":"https:\/\/www.tc26-bijoux.com\/index.php?rest_route=\/wp\/v2\/product\/57949","targetHints":{"allow":["GET"]}}],"collection":[{"href":"https:\/\/www.tc26-bijoux.com\/index.php?rest_route=\/wp\/v2\/product"}],"about":[{"href":"https:\/\/www.tc26-bijoux.com\/index.php?rest_route=\/wp\/v2\/types\/product"}],"wp:featuredmedia":[{"embeddable":true,"href":"https:\/\/www.tc26-bijoux.com\/index.php?rest_route=\/wp\/v2\/media\/2110"}],"wp:attachment":[{"href":"https:\/\/www.tc26-bijoux.com\/index.php?rest_route=%2Fwp%2Fv2%2Fmedia&parent=57949"}],"wp:term":[{"taxonomy":"product_brand","embeddable":true,"href":"https:\/\/www.tc26-bijoux.com\/index.php?rest_route=%2Fwp%2Fv2%2Fproduct_brand&post=57949"},{"taxonomy":"product_cat","embeddable":true,"href":"https:\/\/www.tc26-bijoux.com\/index.php?rest_route=%2Fwp%2Fv2%2Fproduct_cat&post=57949"},{"taxonomy":"product_tag","embeddable":true,"href":"https:\/\/www.tc26-bijoux.com\/index.php?rest_route=%2Fwp%2Fv2%2Fproduct_tag&post=57949"}],"curies":[{"name":"wp","href":"https:\/\/api.w.org\/{rel}","templated":true}]}}